{"id":35,"date":"2019-07-21T12:56:09","date_gmt":"2019-07-21T15:56:09","guid":{"rendered":"http:\/\/www.santainesdental.cl\/?page_id=35"},"modified":"2024-08-13T13:28:54","modified_gmt":"2024-08-13T16:28:54","slug":"inicio","status":"publish","type":"page","link":"https:\/\/www.santainesdental.cl\/","title":{"rendered":""},"content":{"rendered":"\n<figure class=\"wp-block-image size-full\"><img loading=\"lazy\" decoding=\"async\" width=\"2560\" height=\"1920\" src=\"https:\/\/www.santainesdental.cl\/wp-content\/uploads\/2024\/08\/IMG_7772-scaled.jpg\" alt=\"\" class=\"wp-image-660\" srcset=\"https:\/\/www.santainesdental.cl\/wp-content\/uploads\/2024\/08\/IMG_7772-scaled.jpg 2560w, https:\/\/www.santainesdental.cl\/wp-content\/uploads\/2024\/08\/IMG_7772-300x225.jpg 300w, https:\/\/www.santainesdental.cl\/wp-content\/uploads\/2024\/08\/IMG_7772-1024x768.jpg 1024w, https:\/\/www.santainesdental.cl\/wp-content\/uploads\/2024\/08\/IMG_7772-768x576.jpg 768w, https:\/\/www.santainesdental.cl\/wp-content\/uploads\/2024\/08\/IMG_7772-1536x1152.jpg 1536w, https:\/\/www.santainesdental.cl\/wp-content\/uploads\/2024\/08\/IMG_7772-2048x1536.jpg 2048w\" sizes=\"auto, (max-width: 2560px) 100vw, 2560px\" \/><\/figure>\n\n\n\n<p class=\"has-text-align-center has-normal-font-size\">En Molina, regi\u00f3n del Maule, somos una cl\u00ednica dental con especialistas dedicados a atender a toda la familia. Nuestra visi\u00f3n es otorgar una atenci\u00f3n c\u00e1lida con tratamientos de primer nivel para conservar y restaurar la salud de nuestros pacientes.<\/p>\n\n\n\n<div style=\"height:40px\" aria-hidden=\"true\" class=\"wp-block-spacer\"><\/div>\n\n\n\n<h1 class=\"wp-block-heading\"><strong>NOVEDADES<\/strong><\/h1>\n\n\n\n<div class=\"wp-block-media-text alignwide has-background\" style=\"background-color:#fbc6d3;grid-template-columns:36% auto\"><figure class=\"wp-block-media-text__media\"><img loading=\"lazy\" decoding=\"async\" width=\"1024\" height=\"874\" src=\"https:\/\/www.santainesdental.cl\/wp-content\/uploads\/2024\/08\/Captura-de-pantalla-2024-08-13-a-las-12.21.38\u202fp.-m-1024x874.png\" alt=\"\" class=\"wp-image-663 size-full\" srcset=\"https:\/\/www.santainesdental.cl\/wp-content\/uploads\/2024\/08\/Captura-de-pantalla-2024-08-13-a-las-12.21.38\u202fp.-m-1024x874.png 1024w, https:\/\/www.santainesdental.cl\/wp-content\/uploads\/2024\/08\/Captura-de-pantalla-2024-08-13-a-las-12.21.38\u202fp.-m-300x256.png 300w, https:\/\/www.santainesdental.cl\/wp-content\/uploads\/2024\/08\/Captura-de-pantalla-2024-08-13-a-las-12.21.38\u202fp.-m-768x655.png 768w, https:\/\/www.santainesdental.cl\/wp-content\/uploads\/2024\/08\/Captura-de-pantalla-2024-08-13-a-las-12.21.38\u202fp.-m.png 1296w\" sizes=\"auto, (max-width: 1024px) 100vw, 1024px\" \/><\/figure><div class=\"wp-block-media-text__content\">\n<p class=\"has-normal-font-size\">Puedes usar tu <strong>Seguro Complementario de Salud<\/strong> con <strong>COBERTURA DENTAL<\/strong> directamente con nosotros. Dependiendo de las condiciones de tu seguro, puedes solicitar <strong>reembolso<\/strong> online o usar tu seguro con <strong>copago<\/strong> directo en nuestra cl\u00ednica. <\/p>\n<\/div><\/div>\n\n\n\n<hr class=\"wp-block-separator has-css-opacity\"\/>\n\n\n\n<hr class=\"wp-block-separator has-css-opacity\"\/>\n\n\n\n<h1 class=\"wp-block-heading\"><strong>ULTIMAS PUBLICACIONES<\/strong><\/h1>\n\n\n<ul class=\"wp-block-latest-posts__list wp-block-latest-posts\"><li><a class=\"wp-block-latest-posts__post-title\" href=\"https:\/\/www.santainesdental.cl\/index.php\/2021\/08\/13\/tips-de-higiene-bucal\/\">Tips de higiene bucal<\/a><\/li>\n<li><a class=\"wp-block-latest-posts__post-title\" href=\"https:\/\/www.santainesdental.cl\/index.php\/2020\/07\/27\/la-relacion-entre-diabetes-y-enfermedad-de-las-encias\/\">La relaci\u00f3n entre diabetes y enfermedad de las enc\u00edas<\/a><\/li>\n<li><a class=\"wp-block-latest-posts__post-title\" href=\"https:\/\/www.santainesdental.cl\/index.php\/2020\/02\/10\/la-caries-dental\/\">La caries dental<\/a><\/li>\n<li><a class=\"wp-block-latest-posts__post-title\" href=\"https:\/\/www.santainesdental.cl\/index.php\/2019\/11\/28\/hipersensibilidad-dental\/\">Hipersensibilidad dental<\/a><\/li>\n<li><a class=\"wp-block-latest-posts__post-title\" href=\"https:\/\/www.santainesdental.cl\/index.php\/2019\/11\/27\/cirugia-maxilofacial\/\">Cirug\u00eda Maxilofacial<\/a><\/li>\n<\/ul>","protected":false},"excerpt":{"rendered":"<p>En Molina, regi\u00f3n del Maule, somos una cl\u00ednica dental con especialistas dedicados a atender a toda la familia. Nuestra visi\u00f3n es otorgar una atenci\u00f3n c\u00e1lida con tratamientos de primer nivel para conservar y restaurar la salud de nuestros pacientes. NOVEDADES&hellip; <a href=\"https:\/\/www.santainesdental.cl\/\" class=\"more-link\">Continuar leyendo <span class=\"meta-nav\">&rarr;<\/span><\/a><\/p>\n","protected":false},"author":2,"featured_media":0,"parent":0,"menu_order":0,"comment_status":"closed","ping_status":"closed","template":"","meta":{"footnotes":""},"class_list":["post-35","page","type-page","status-publish","hentry"],"_links":{"self":[{"href":"https:\/\/www.santainesdental.cl\/index.php\/wp-json\/wp\/v2\/pages\/35","targetHints":{"allow":["GET"]}}],"collection":[{"href":"https:\/\/www.santainesdental.cl\/index.php\/wp-json\/wp\/v2\/pages"}],"about":[{"href":"https:\/\/www.santainesdental.cl\/index.php\/wp-json\/wp\/v2\/types\/page"}],"author":[{"embeddable":true,"href":"https:\/\/www.santainesdental.cl\/index.php\/wp-json\/wp\/v2\/users\/2"}],"replies":[{"embeddable":true,"href":"https:\/\/www.santainesdental.cl\/index.php\/wp-json\/wp\/v2\/comments?post=35"}],"version-history":[{"count":30,"href":"https:\/\/www.santainesdental.cl\/index.php\/wp-json\/wp\/v2\/pages\/35\/revisions"}],"predecessor-version":[{"id":664,"href":"https:\/\/www.santainesdental.cl\/index.php\/wp-json\/wp\/v2\/pages\/35\/revisions\/664"}],"wp:attachment":[{"href":"https:\/\/www.santainesdental.cl\/index.php\/wp-json\/wp\/v2\/media?parent=35"}],"curies":[{"name":"wp","href":"https:\/\/api.w.org\/{rel}","templated":true}]}}